(0/2)/(6 - 5) + 18?
16
Suppose 5*t = t + 4. Let g = t - -1. Suppose -70 = -g*q - 0*q. What is the remainder when q is divided by 12?
11
Let s(w) = 1 + 2 + 6*w + 2*w**2 + w - 10. Calculate the remainder when s(-6) is divided by (-72)/(-4)*1/3.
5
Let m = 4 - 24. Let b = m - -27. Calculate the remainder when (26/(-8))/(1/(-4)) is divided by b.
6
Suppose 3*g + 2 + 7 = 0, -3*m + 2*g = -129. Calculate the remainder when m is divided by 15.
11
Let c = -5 - -7. Let f be c + 3 + 0 + -11. Calculate the remainder when 19 is divided by (20/6)/((-2)/f).
9
What is the remainder when (-1)/(5/(-130))*1 is divided by 8?
2
Let s = -23 - -41. Let p(l) = l**3 + 9*l**2 + 7*l + 4. Let u(m) = m**2 - 7*m - 1. Let q be u(6). What is the remainder when p(q) is divided by s?
17
Suppose -5*z - 4*a = -68, -11 = 2*z + 2*a - 39. Calculate the remainder when 23 is divided by z.
11
Let z be (-9)/(-27) + 173/3. What is the remainder when 34 is divided by (-1)/3 - z/(-3)?
15
Suppose 0 = 2*t + t + 4*l - 23, -5*l + 25 = 3*t. What is the remainder when t is divided by 4?
1
Suppose -4*l = 2*l - 354. What is the remainder when l is divided by 21?
17
Let h(b) = 11*b**2 + b. Calculate the remainder when 35 is divided by h(-1).
5
Suppose -2*g + 24 = 2*g. Let u(q) = q**2 - 2*q + 1. What is the remainder when u(g) is divided by 13?
12
Suppose 0 = -z + 8 - 3. Calculate the remainder when 7 is divided by z.
2
Let a = 2 + -1. Let y(b) = b**3 - 4*b**2 - 5*b + 2. Let s be y(5). Suppose -4 = -3*u + s. Calculate the remainder when u is divided by a.
0
Calculate the remainder when 57 is divided by (225/3)/(-3)*18/(-30).
12
Suppose 3*y - 55 = 20. Suppose -5*x - 4*b + 112 + 203 = 0, 0 = 5*b - y. What is the remainder when x is divided by 20?
19
What is the remainder when 58 is divided by 3 + 4/(-4) + 28?
28
Let k(c) = -c**3 + 7*c**2 - c + 7. Let i be k(7). Suppose 5*r - 4 - 36 = i. Suppose -2*f = -4*f + r. What is the remainder when 5 is divided by f?
1
Let n(d) = -d**3 + 22*d**2 + 54*d + 20. Calculate the remainder when n(24) is divided by 55.
54
Let b be 7 + -4 - (-32)/(-2). Calculate the remainder when 75 is divided by b*-4*3/6.
23
Suppose 0 = -4*q - z + 63, 0 = 5*q - z - 4*z - 85. Suppose -8*b - 16 = -4*b - 4*d, -3*d = -5*b - 16. Calculate the remainder when q is divided by 44/8 - 1/b.
4
Suppose -3*n + 8 = o, 3*o - 2*n + 28 - 8 = 0. Let z be 4/(o/(-2)) + -2. Let w(a) = -a**3 - a**2 - a + 15. What is the remainder when w(z) is divided by 8?
7
Let j be 75 + 0 + (0 - -1). Let v = 121 - j. What is the remainder when v is divided by 2 + (-2 - -23*1)?
22
Let m = -5 + 6. Let t(a) = 5*a. What is the remainder when t(m) is divided by 3?
2
Let f = 7 + -3. Suppose 2*l + 8 = 0, 7*y + l - 46 = 2*y. Calculate the remainder when y is divided by f.
2
Calculate the remainder when 21/14 - (-203)/2 is divided by 13.
12
Let g = 16 + 41. Suppose -5*d = -3*k - 66, 5*k + 29 = 3*d - 1. Calculate the remainder when g is divided by d.
12
Suppose -4*y = -2*d + 2, 0 = -5*y + d - 1 + 6. What is the remainder when 7 is divided by y?
1
Suppose 2*d + 4*q - 40 = 6*q, -5*q - 25 = 0. What is the remainder when 147 is divided by d?
12
Let d = -158 + 221. What is the remainder when d is divided by 32?
31
Suppose z + 3*z = 16. Suppose 0 = -3*t - 2*i + 19 - 0, -4*t + z*i = -52. What is the remainder when 1 + (27 - 3) + 1 is divided by t?
8
Suppose 0 = -4*w - 58 + 10. Let n be 1/(-3) + (-618)/(-18). Let d = w + n. What is the remainder when d is divided by 6?
4
Suppose c + 3*c + 16 = 0. Let g = c + 3. Calculate the remainder when 18 is divided by ((-30)/(-9))/(g/(-3)).
8
Let o = -3 - -3. Suppose o = -2*w + 6*w - 44. Calculate the remainder when w is divided by 4.
3
Suppose -5*d + 3*r + 47 = -50, -4*d + 5*r = -88. What is the remainder when 82 is divided by d?
14
Let x be ((-6)/(-4))/(3/18). Let u(o) = o - 4. What is the remainder when 7 is divided by u(x)?
2
Suppose -2*c + 2*y + 73 - 21 = 0, 0 = c + 3*y - 22. Let t(r) = r**2 + 2*r + 1. Calculate the remainder when c is divided by t(-4).
7
Let u = -9 + 53. What is the remainder when u is divided by -1 - 5/(15/(-72))?
21
Let x = 259 - 81. What is the remainder when x is divided by 61?
56
Suppose -8 = -h - 1. Suppose h*i - 95 = 2*i. Let q(b) = -4*b - 2. What is the remainder when i is divided by q(-3)?
9
Let w = 30 - 22. Calculate the remainder when 23 is divided by w.
7
Let y = -147 - -290. Suppose -5*a + 32 = -y. Suppose -4*j + 34 = 5*z - a, -3*z - 2*j + 43 = 0. Calculate the remainder when z is divided by 9.
8
Suppose -3*z - 4*k = -52, -4*k - 44 = -3*z - 0*k. Let h = 16 + -7. Calculate the remainder when z is divided by h.
7
Let b = -36 - -40. What is the remainder when 147/15 + (-1)/(-5) is divided by b?
2
Let h(t) = t**3 + 5*t**2 + t + 4. Let u(r) = -r + 13. Let c be u(13). Suppose c = -7*w + 4*w + 30. Calculate the remainder when h(-3) is divided by w.
9
Let y(m) = m**3 + 9*m**2 + 3*m. What is the remainder when 159 is divided by y(-8)?
39
Suppose 0 = -4*z - 3*g + 54, 0*g = -z + 3*g + 6. Suppose 0 = -h - 5*i - 14, -3*i + 6*i = -z. Let m = 13 - -10. What is the remainder when m is divided by h?
5
Suppose -3*b + 4*x = -41, 0 = -0*x - x + 1. What is the remainder when b is divided by 4?
3
Let b(u) = u + 4. Let i be b(-2). Let z = 4 - 1. Suppose 2*r = -i*m - 2, r - 19 = z*m - 0*m. Calculate the remainder when 6 is divided by r.
2
Let p = 3 - 2. Calculate the remainder when 10/40 + 126/8 is divided by 9/(p/(-2)*-2).
7
Suppose 5 = 2*w + 1. Suppose w*t - t = 12. Suppose 7*m - 4*m - 84 = -3*z, -102 = -4*z - 2*m. What is the remainder when z is divided by t?
11
Suppose -7*c + 10*c = 9. Calculate the remainder when 3 is divided by c.
0
Let f be (-19 + 1)/((-6)/9). Suppose -5*s - 5 = 5*x, 0*x - f = -3*s + 3*x. Calculate the remainder when 11 is divided by s.
3
Let y = -12 + 17. What is the remainder when 7 is divided by y?
2
Suppose -5*q = 15 - 160. Suppose -3*w + w + 30 = 0. What is the remainder when q is divided by w?
14
Suppose 12*c = 14*c - 24. Calculate the remainder when 40 is divided by c.
4
Let q(y) = y**2 + 9*y + 10. Let h be (2 + -89)/(3/(-3)). Suppose -3*i + h = 3. Calculate the remainder when i is divided by q(-9).
8
Suppose -2*m + 66 = -2*u + 6*u, -u - 2 = 0. Calculate the remainder when m is divided by 20.
17
Let x = -6 + 6. Suppose x = 4*m - 121 + 5. What is the remainder when m is divided by 8?
5
Let g(z) = -z**3 + 8*z**2 + 6*z + 4. Calculate the remainder when g(8) is divided by 18.
16
Suppose -3*t - 66 = -o, 0 = 2*t + 1 + 7. Calculate the remainder when o is divided by 11.
10
Suppose -b = -9 - 5. Suppose 5*h - 2*h - 9 = 0. What is the remainder when b is divided by h?
2
Suppose -2*q - 4 = -3*s - 0, -4*s = 3*q + 6. Suppose -6*d + 2*d + 28 = s. Calculate the remainder when d is divided by 2.
1
Suppose -3*s - 3*m = -21, -5 - 5 = 5*m. What is the remainder when 33 is divided by s?
6
Let l be 3/(-2)*(-168)/9. Suppose 20 + l = 4*m. What is the remainder when 23 is divided by m?
11
Suppose 112 = 4*x - 100. Calculate the remainder when x is divided by 19.
15
Suppose -4*s + 4*k + 285 = 3*k, 2*k = -2*s + 150. Let a be -1*-3*(-4)/(-6). Suppose -5*r = a - s. Calculate the remainder when 41 is divided by r.
13
Suppose 0*h - 2*h = 12. What is the remainder when (-268)/h - 5/(-15) is divided by 12?
9
Let f = 27 - 11. Suppose 3*w + 8 = 146. Calculate the remainder when w is divided by f.
14
Let x(l) = l**3 - 5*l**2 - 2*l - 7. Let m be x(6). Let g = 38 - m. What is the remainder when g is divided by 8?
5
Suppose -3*g - 10 - 17 = -3*o, -27 = -3*o + g. Let b = 5 - 3. Suppose -b*m = 2*t + t - 67, -t + 5 = 0. What is the remainder when m is divided by o?
8
Let i = -54 - -127. Suppose -93 = -0*g - 5*g + 2*m, 0 = 4*g - m - 75. What is the remainder when i is divided by g?
16
Let m(t) = -11*t**3 + 9*t**2 - 3*t - 7. Let d(u) = 5*u**3 - 4*u**2 + u + 3. Let y(f) = 7*d(f) + 3*m(f). Calculate the remainder when y(2) is divided by 5.
3
Suppose -4*v - 56 = -8*v. What is the remainder when 39 is divided by v?
11
Let c = 5 - -1. Suppose -2*s = 2*s - 12. Suppose -3*j + a + 68 = -4*a, -s*j = -a - 52. Calculate the remainder when j is divided by c.
4
Let x(z) = 1 - 2*z - z**2 + 13*z + 1. What is the remainder when 45 is divided by x(10)?
9
Let u = 84 - 68. Calculate the remainder when 62 is divided by 